s -117 + 1?
-116
In base 15, what is e7 + 0?
e7
In base 3, what is -21011 + 2?
-21002
In base 4, what is 11 + -2110?
-2033
In base 7, what is -1632 - -4?
-1625
In base 14, what is ba1 + 1?
ba2
In base 10, what is -18 + -26?
-44
In base 4, what is 131123 + 11?
131200
In base 13, what is 247 - -3?
24a
In base 12, what is 356 + 5?
35b
In base 5, what is 24 - -2?
31
In base 11, what is -18 + -14?
-31
In base 4, what is 13121 + -32?
13023
In base 9, what is -1133 - 3?
-1136
In base 15, what is -2a + 127?
ec
In base 12, what is -42a - 4?
-432
In base 2, what is -11001001011 - 11?
-11001001110
In base 9, what is -57 + -300?
-357
In base 16, what is 4 + -28?
-24
In base 4, what is -1300 - -221?
-1013
In base 8, what is -4 - -115?
111
In base 11, what is -3 - -1325?
1322
In base 7, what is 3 + 625?
631
In base 4, what is -321 + -112?
-1033
In base 11, what is -73 - -8?
-66
In base 4, what is -11113032 + -3?
-11113101
In base 6, what is 1121 - 31?
1050
In base 10, what is -576 + -3?
-579
In base 14, what is 0 + 18?
18
In base 12, what is 198 - -4?
1a0
In base 10, what is 99 - 4?
95
In base 15, what is d + 1?
e
In base 5, what is 313 + -2?
311
In base 9, what is -114 - 8?
-123
In base 3, what is 1 - -2222?
10000
In base 14, what is -2 + 2d2?
2d0
In base 5, what is -204 - -1?
-203
In base 7, what is -5 - 3410?
-3415
In base 15, what is 2 + -1c96?
-1c94
In base 9, what is 5343 + 8?
5352
In base 16, what is 12c + -2?
12a
In base 10, what is -5 - -99?
94
In base 10, what is 1 + -3148?
-3147
In base 13, what is -7b - -5?
-76
In base 12, what is 1836 + -5?
1831
In base 10, what is -1775 + -1?
-1776
In base 4, what is 2 + -30013?
-30011
In base 8, what is -52 - -3?
-47
In base 12, what is -5 - -b11?
b08
In base 4, what is -3 - -2033?
2030
In base 12, what is -4968 - -5?
-4963
In base 9, what is 2 + -60?
-57
In base 7, what is 3 - 226?
-223
In base 14, what is -d - -1d5?
1c6
In base 14, what is 11d - 10?
10d
In base 11, what is 6 + 653?
659
In base 12, what is -351 + -5?
-356
In base 2, what is -1011000101 + 1001?
-1010111100
In base 13, what is -5 - -2b?
26
In base 14, what is 113c + 0?
113c
In base 13, what is -143 + 4?
-13c
In base 7, what is -5421 - -2?
-5416
In base 13, what is 5a + 18?
75
In base 5, what is 2001 + 2?
2003
In base 15, what is c + -d?
-1
In base 3, what is -2200 + -100010?
-102210
In base 15, what is -242 - -2?
-240
In base 14, what is -b + -29?
-36
In base 5, what is -22000 + 1?
-21444
In base 12, what is 2 - -15a?
160
In base 12, what is -5206 + -2?
-5208
In base 3, what is -120010 - -100?
-112210
In base 4, what is 110212 - 1?
110211
In base 13, what is 12c1 + -3?
12bb
In base 5, what is -133 + -11?
-144
In base 2, what is -10 - -10000011?
10000001
In base 14, what is -a - 50?
-5a
In base 14, what is -11 + -13?
-24
In base 13, what is -17 + -1c5?
-20c
In base 5, what is -1 + 11441?
11440
In base 14, what is -3 - -8?
5
In base 8, what is 51 + 105?
156
In base 10, what is 4 - 199?
-195
In base 3, what is 1 + -110101?
-110100
In base 13, what is -3 - 16c?
-172
In base 12, what is -5 + 20?
17
In base 7, what is 255 - 21?
234
In base 3, what is -2 + 11201?
11122
In base 14, what is -26d + 4?
-269
In base 12, what is -25 - 8?
-31
In base 14, what is 2 - -904?
906
In base 12, what is 11 - -3?
14
In base 4, what is -11112 + 1?
-11111
In base 11, what is 4 + -23?
-1a
In base 3, what is -11000 - 0?
-11000
In base 2, what is -11000 + 11011?
11
In base 6, what is -5 - 114?
-123
In base 8, what is -1 - -234?
233
In base 8, what is 3 + 3542?
3545
In base 2, what is 10000 - 1110001101?
-1101111101
In base 13, what is -2 + -5c?
-61
In base 13, what is -1 + 220?
21c
In base 10, what is 2 + 3044?
3046
In base 6, what is 4 - -35014?
35022
In base 3, what is -10211 + 1222?
-1212
In base 8, what is -1530 + -5?
-1535
In base 14, what is -197 - -12?
-185
In base 9, what is -24 - 14?
-38
In base 5, what is 1130 + -4?
1121
In base 8, what is 5 - 14?
-7
In base 2, what is -10001 - 111?
-11000
In base 11, what is -4 - 115?
-119
In base 7, what is -5 + -162?
-200
In base 14, what is -1251 + -3?
-1254
In base 2, what is -10100001 + -1001?
-10101010
In base 13, what is 3 - -531?
534
In base 2, what is -100001 + -11110111?
-100011000
In base 14, what is 49 - 6?
43
In base 14, what is -c140 - -5?
-c139
In base 10, what is 4 + 3?
7
In base 12, what is 68 - 3?
65
In base 11, what is -4 - -8?
4
In base 3, what is 20002 - 11?
12221
In base 12, what is -433 - -1?
-432
In base 14, what is -1 + 60?
5d
In base 5, what is -4144 + -13?
-4212
In base 7, what is -12002 + 3?
-11666
In base 2, what is -100101101 - 1001?
-100110110
In base 7, what is -32 + 120?
55
In base 6, what is -5 - 354?
-403
In base 15, what is -5 + -7ad?
-7b3
In base 2, what is 1001 - -10?
1011
In base 10, what is 63 + -24?
39
In base 7, what is -52 + 14?
-35
In base 3, what is 202200 + -10?
202120
In base 11, what is -25 + 28?
3
In base 6, what is -4204 - 1?
-4205
In base 13, what is 2 - -14?
16
In base 2, what is 10011 + -101010000?
-100111101
In base 15, what is -4 - -15?
11
In base 10, what is 68 + -19?
49
In base 3, what is 21021002 - -2?
21021011
In base 16, what is 21e + -1?
21d
In base 13, what is 125 - 2?
123
In base 3, what is -22 - 101102?
-101201
In base 11, what is -9 - -8?
-1
In base 10, what is -6 + -249?
-255
In base 3, what is 2011 - -122?
2210
In base 3, what is 1001002 + 10?
1001012
In base 9, what is 2371 + 2?
2373
In base 2, what is 101 - -1011111?
1100100
In base 8, what is -3761 - 2?
-3763
In base 16, what is 1d - 25?
-8
In base 14, what is -63 - 13?
-76
In base 12, what is -1 - 2?
-3
In base 13, what is -8 - -933?
928
In base 10, what is 3 + -2371?
-2368
In base 2, what is -1001101011100 + 101?
-1001101010111
In base 9, what is 10545 - -3?
10548
In base 15, what is 18 + -7?
11
In base 15, what is 1 + -5be?
-5bd
In base 12, what is -163 - 6?
-169
In base 2, what is -10010011 - 1?
-10010100
In base 8, what is -5 - 7034?
-7041
In base 10, what is 22 + -273?
-251
In base 10, what is 1 + 189?
190
In base 7, what is -243 - -1?
-242
In base 9, what is 4684 - -5?
4700
In base 12, what is -68 + 3?
-65
In base 12, what is -ba - -4?
-b6
In base 7, what is 2354 + 3?
2360
In base 7, what is -6 - -65?
56
In base 12, what is 3 - -41?
44
In base 13, what is -3b0 - 14?
-3c4
In base 15, what is -20 - 22?
-42
In base 2, what is 1111011 + 11111?
10011010
In base 5, what is 424 - 1?
423
In base 12, what is -3 + -4932?
-4935
In base 5, what is -31004 + 4?
-31000
In base 4, what is -12130 - 0?
-12130
In base 4, what is -12 - -3?
-3
In base 14, what is 0 - -50?
50
In base 8, what is -6560 + 1?
-6557
In base 12, what is 45 + -36?
b
In base 16, what is 5 - -1ae?
1b3
In base 15, what is -8d + 7?
-86
In base 2, what is 10011001011 + -100?
10011000111
In base 10, what is 1 + 4?
5
In base 15, what is -2e6 - -2?
-2e4
In base 3, what is -22201002 + 12?
-22200220
In base 7, what is -2 - -53?
51
In base 12, what is 63 + 16?
79
In base 13, what is 1473 + 1?
1474
In base 12, what is 33 + 54?
87
In base 7, what is -612 - 5?
-620
In base 11, what is 1a26 + -4?
1a22
In base 5, what is -1440 + -41?
-2031
In base 8, what is 12 - -40?
52
In base 10, what is -25 + 171?
146
In base 8, what is -2 + -12331?
-12333
In base 9, what is -223 + -7?
-231
In base 16, what is -3 - -1bf?
1bc
In base 6, what is -24 - -504?
440
In base 3, what is -2 + -2222211?
-2222220
In base 10, what is 358 - 1?
357
In base 2, what is -1 - 11001000?
-11001001
In base 9, what is -38 + 3?
-35
In base 4, what is -1 + -1112?
-1113
In base 4, what is -101 + 1120?
1013
In base 16, what is -6b - -2?
-69
In base 8, what is 2 + 16?
20
In base 6, what is 25 - 43?
-14
In base 8, what is -1 + -1323?
-1324
In base 16, what is -1 - -f?
e
In base 15, what is -128 - -2?
-126
In base 4, what is 110 - -11?
121
In base 16, what is -1 - 1e?
-1f
In base 14, what is 6 + -4?
2
In base 16, what is 0 + 17d?
17d
In base 2, what is 100 + -10110?
-10010
In base 13, what is 2 - 140?
-13b
In base 15, what is 3 + -405?
-402
In base 15, what is 114 + 2?
116
In base 9, what is -2 + 70?
67
In base 12, what is 59 - 69?
-10
In base 3, what is 11101202 + 10?
11101212
In base 13, what is 5 - -3a?
42
In base 15, what is 13 - 25a?
-247
In base 4, what is 10312 - 11?
10301
In base 15, what is